ple of 20?
True
Is 64 a factor of 535058224?
False
Is 107104960 a multiple of 1699?
True
Does 8 divide 164769906?
False
Does 879 divide 28817519?
False
Is 26 a factor of 5391654947?
False
Is 88162940 a multiple of 10?
True
Does 18 divide 12528303?
False
Is 154799504 a multiple of 274?
False
Is 93706201 a multiple of 8?
False
Is 150399678 a multiple of 171?
False
Is 95402853 a multiple of 21?
True
Does 6042 divide 17437212?
True
Does 51 divide 2016469570?
False
Is 392 a factor of 76050360?
False
Does 65 divide 7144919?
False
Is 75397014 a multiple of 3924?
False
Does 5 divide 518927105?
True
Is 5 a factor of 207815986?
False
Does 2247 divide 130562891?
False
Does 264 divide 603586104?
True
Is 3 a factor of 137609690?
False
Does 89 divide 2303163092?
False
Is 11 a factor of 248965255?
True
Is 3611959531 a multiple of 47?
False
Does 2577 divide 1330242246?
True
Is 867426422 a multiple of 2194?
True
Is 5865102 a multiple of 27?
True
Does 306 divide 645037596?
True
Does 381 divide 116423961?
False
Is 40 a factor of 70148878?
False
Does 5 divide 5303650?
True
Does 12 divide 128499372?
True
Is 2280 a factor of 1801469040?
True
Is 448 a factor of 431998784?
True
Is 25 a factor of 29867675?
True
Is 420 a factor of 16076760?
True
Does 153 divide 198366055?
False
Is 68 a factor of 15671069?
False
Does 834 divide 897399846?
True
Is 674 a factor of 808984416?
False
Is 40421325 a multiple of 119?
True
Is 28 a factor of 6848009?
False
Is 134 a factor of 237692416?
True
Does 121 divide 13378365?
True
Does 71 divide 254703527?
False
Is 20282298 a multiple of 2?
True
Is 5153313992 a multiple of 3717?
False
Is 167 a factor of 33076354?
True
Does 303 divide 292473972?
False
Does 291 divide 77416280?
False
Is 24286234 a multiple of 238?
True
Is 13 a factor of 2283443705?
False
Is 26 a factor of 715286?
True
Does 837 divide 3124568955?
False
Does 981 divide 663520221?
False
Does 7 divide 6892621?
False
Does 1247 divide 9768998?
True
Is 2006725596 a multiple of 8?
False
Does 152 divide 91647640?
True
Does 634 divide 146693018?
True
Does 2931 divide 2901690?
True
Is 22270736 a multiple of 6?
False
Is 42451363 a multiple of 1379?
False
Is 7217 a factor of 291934867?
True
Does 37 divide 301674700?
False
Is 427 a factor of 57171347?
False
Does 194 divide 7587911?
False
Does 167 divide 1300095?
True
Is 361910116 a multiple of 164?
True
Is 7 a factor of 196593404?
True
Is 8382755 a multiple of 134?
False
Is 8395815 a multiple of 15?
True
Is 26674052 a multiple of 355?
False
Does 428 divide 118888984?
True
Does 63 divide 12362742?
True
Does 400 divide 8271200?
True
Does 57 divide 655006610?
False
Is 471 a factor of 28579338?
True
Is 13 a factor of 31830890?
True
Is 49 a factor of 103925759?
False
Does 37 divide 33315688?
True
Is 359 a factor of 61028564?
True
Is 1363 a factor of 228462210?
False
Does 17 divide 603314732?
False
Is 13 a factor of 47013451?
False
Is 655033268 a multiple of 441?
False
Is 1018866122 a multiple of 2932?
False
Is 182 a factor of 3274107382?
True
Is 18066040 a multiple of 15?
False
Does 5431 divide 901051779?
True
Is 106 a factor of 19084837?
False
Is 43 a factor of 87255084?
True
Is 105148995 a multiple of 85?
True
Is 1517845 a multiple of 85?
True
Does 52 divide 109622434?
False
Is 380 a factor of 23523127?
False
Is 2287 a factor of 43176273?
True
Is 240 a factor of 42618240?
True
Is 4259 a factor of 780601558?
False
Does 137 divide 806387337?
False
Does 4 divide 26110812?
True
Is 1036714580 a multiple of 110?
True
Is 69 a factor of 76101032?
False
Is 173804020 a multiple of 755?
True
Is 28014876 a multiple of 108?
True
Is 81 a factor of 15043967?
False
Does 124 divide 57043176?
False
Does 79 divide 174944993?
False
Does 715 divide 151572850?
True
Is 1656885135 a multiple of 233?
True
Does 24 divide 2223084276?
False
Is 443 a factor of 18597583?
True
Is 86743800 a multiple of 25?
True
Does 53 divide 243585294?
False
Is 10 a factor of 28365500?
True
Is 218 a factor of 152335566?
True
Is 2769019 a multiple of 593?
False
Is 629529687 a multiple of 319?
False
Is 500 a factor of 24438731?
False
Is 3831954984 a multiple of 858?
True
Is 32851308 a multiple of 159?
True
Is 486525348 a multiple of 69?
True
Is 759003777 a multiple of 343?
True
Does 6 divide 83873262?
True
Is 126808564 a multiple of 204?
False
Does 12 divide 62246316?
True
Does 26 divide 15821390?
True
Does 1768 divide 60414328?
True
Is 34 a factor of 453504343?
False
Is 1026938634 a multiple of 3?
True
Is 1163271490 a multiple of 36?
False
Is 11 a factor of 1210855250?
True
Is 17 a factor of 3101939?
True
Is 255 a factor of 1016583000?
True
Is 1847401324 a multiple of 276?
False
Is 2644178 a multiple of 3?
False
Is 3683568592 a multiple of 27?
False
Is 22000512 a multiple of 384?
True
Is 84 a factor of 17463264?
True
Is 176372232 a multiple of 8?
True
Does 673 divide 54898381?
False
Is 301440095 a multiple of 11?
True
Is 145 a factor of 26817170?
True
Does 40 divide 65423851?
False
Is 14 a factor of 169777720?
True
Is 831149861 a multiple of 1887?
False
Is 26423457 a multiple of 2?
False
Is 1839 a factor of 3594785250?
True
Is 40 a factor of 214991520?
True
Is 1812069 a multiple of 4?
False
Is 2249 a factor of 2564944018?
True
Is 40096032 a multiple of 122?
True
Does 258 divide 1018345574?
False
Is 154109610 a multiple of 731?
False
Is 162075610 a multiple of 965?
True
Does 4 divide 14048975?
False
Does 10 divide 563016340?
True
Does 3168 divide 146786112?
True
Is 130 a factor of 3249005630?
True
Does 660 divide 47201321?
False
Is 20 a factor of 731016847?
False
Is 929669155 a multiple of 5545?
True
Is 9676920 a multiple of 88?
True
Is 8468009 a multiple of 15?
False
Does 4061 divide 1327654608?
True
Is 2247991142 a multiple of 258?
False
Is 1404 a factor of 149951910?
False
Is 52426198 a multiple of 36?
False
Is 2377984672 a multiple of 703?
True
Is 4772240 a multiple of 319?
True
Is 336 a factor of 12743808?
True
Is 1726604280 a multiple of 9?
True
Is 724175611 a multiple of 14?
False
Does 26 divide 18778661?
False
Is 335447286 a multiple of 365?
False
Is 1412263840 a multiple of 11?
False
Is 1541383298 a multiple of 9?
False
Is 28 a factor of 2534750700?
False
Is 35 a factor of 27791575?
True
Does 4029 divide 435078314?
False
Is 21 a factor of 21320691?
True
Is 27862510 a multiple of 130?
True
Is 442947026 a multiple of 82?
True
Is 434663596 a multiple of 254?
True
Does 407 divide 916972628?
True
Is 116657647 a multiple of 998?
False
Is 1609 a factor of 171657774?
True
Does 8 divide 71452928?
True
Is 19 a factor of 51769148?
True
Is 236233283 a multiple of 1632?
False
Does 6919 divide 1397723526?
False
Is 1859 a factor of 19290843?
True
Is 58156764 a multiple of 241?
False
Is 139322808 a multiple of 18?
True
Does 2213 divide 165221291?
False
Is 88 a factor of 6741197672?
True
Is 10 a factor of 454783770?
True
Is 409 a factor of 149161073?
True
Is 251318124 a multiple of 667?
False
Is 43592851 a multiple of 31?
True
Is 54 a factor of 56295810?
True
Is 9 a factor of 342287017?
False
Is 737 a factor of 47856726?
False
Is 1195 a factor of 68675455?
True
Does 27 divide 458064683?
False
Is 3866872 a multiple of 8?
True
Is 93815926 a multiple of 61?
True
Is 1450 a factor of 46983085?
False
Is 664 a factor of 1884868248?
True
Does 146 divide 22991363?
False
Is 44846802 a multiple of 3003?
True
Is 427825 a multiple of 25?
True
Is 301698726 a multiple of 1148?
False
Does 70 divide 90229370?
True
Does 301 divide 175055881?
True
Is 2664 a factor of 593512560?
True
Is 24 a factor of 4259930126?
False
Does 7 divide 4690938?
True
Is 336 a factor of 95673606?
False
Does 246 divide 382342548?
True
Is 1464 a factor of 50386872?
False
Is 29506608 a multiple of 9?
True
Does 200 divide 2706370?
False
Does 1014 divide 74493510?
True
Is 189252404 a multiple of 11?
True
Is 786397962 a multiple of 509?
False
Does 169 divide 14545933?
False
Is 607 a factor of 1037181507?
True
Is 193 a factor of 53445753?
True
Does 93 divide 148353879?
True
Is 30 a factor of 90304934?
False
Is 399808059 a multiple of 204?
False
Is 140769187 a multiple of 8?
False
Is 109810984 a multiple of 5?
False
Is 123658626 a multiple of 598?
True
Does 67 divide 285227?
False
Is 67764340 a multiple of 1570?
True
Is 371289414 a multiple 